 u = -56 + 61. Suppose w - 3*w + 130 = 2*z, u*w - 261 = -4*z. What is the units digit of z?
4
Let y(u) = -u + 14. Let w(r) = r - 14. Let i(t) = 3*w(t) + 2*y(t). Let x be i(16). Suppose -x*v = -6, -5*h + v = -v - 4. What is the units digit of h?
2
Let k(x) = -61 + x**3 + 12*x**2 - 17*x + 3*x**2 + 70. What is the tens digit of k(-16)?
2
Let z(v) = -4 + 6 + v + 4 + 0*v. Let m be z(-3). What is the tens digit of ((-10)/15)/(m/(-99))?
2
Let u = -105 - -203. What is the tens digit of u?
9
Let u(x) = 11*x**2 - 15*x - 178. What is the units digit of u(-8)?
6
Let v(s) = -6*s**3 + 6 - s + 4*s**2 - 2*s**3 + 7*s**3 - 7*s**2. Let b be (14/35)/((-2)/20). What is the tens digit of v(b)?
2
Let k(f) = 24*f - 198. What is the units digit of k(21)?
6
What is the tens digit of (-35)/15*3 + 140?
3
Let d = 48 + -44. Let n(q) = 36*q - 2. What is the units digit of n(d)?
2
Let d be (12/5)/(-2 + (-142)/(-70)). Suppose -21*a + 24*a - d = 0. What is the units digit of a?
8
What is the tens digit of (2 + 1846)*54/36?
7
Let u(b) = b**3 + 7*b**2 + 4*b - 8. Let a be u(-6). Let o(m) = 2*m**3 + 3*m**2 + 4*m + 4. What is the units digit of o(a)?
6
Let r(x) = 2*x**2 - 3*x - 10. Let u be r(5). Let q = 37 + u. What is the tens digit of q?
6
Suppose 0 = -3*u + 37 + 32. Suppose -m + 28 = u. Suppose -2*y = 5*q - 181, -m*q + 3*y + 0*y = -191. What is the units digit of q?
7
Let b(c) = -c**3 + 4*c**2 - c + 4. Let j be b(4). Suppose j = 4*u - 3*u - 4. Suppose 3*m + 5*f = 70, -u*m - 34 = -f - 89. What is the tens digit of m?
1
Let h = 2 + 1. Let g(y) = -128*y**2 + 127*y**2 - 3*y + 1 + y**3 + y**3. What is the tens digit of g(h)?
3
Let m(z) be the second derivative of 5/2*z**3 - z - 1/2*z**2 + 0. What is the units digit of m(3)?
4
Suppose -44 = v + 4*o, -5*o + 0*o = -5*v - 120. Let s = -17 - v. What is the units digit of s/1 - 6/(-2)?
4
Let s(b) = 4*b**2 - 7*b - 45. What is the units digit of s(-13)?
2
Let s = -5 - 0. Let x be (-23)/s - (-10)/25. Suppose 0*q - x*z + 115 = 5*q, 0 = 5*q - z - 91. What is the tens digit of q?
1
Suppose -g + u + 589 = -2*u, 2*g - 1168 = u. Suppose -301 = -2*y - z, 4*y + z = g + 14. What is the tens digit of y?
4
Suppose -10*v = -8*v + 8, 2*u - 126 = -v. What is the tens digit of u?
6
Suppose -5*u - 28 = -2*a + 22, 5*a + 2*u = 67. Suppose -j - k - 3*k = a, -2*j + 3 = -3*k. What is the tens digit of j + 18 + 2/1?
1
Suppose 70054 = 30*b + 14134. What is the thousands digit of b?
1
Suppose 2*a = -3*a - 30. Let r be (a + 8)*2*3. What is the units digit of ((-16)/r)/((-4)/6)?
2
Let f(s) = -3*s**2 - 5*s - 5. Let h(o) = 2*o**2 + 5*o + 4. Let x(r) = -4*f(r) - 5*h(r). Suppose 5*y = y + 20. What is the tens digit of x(y)?
2
Let s = 31 - 35. Let o(z) = -z**3 + z**2 + 11*z + 6. What is the units digit of o(s)?
2
Let z be (-1)/(-1) - 15/1. Let k be 33/7 - 4/z. Suppose -70 = -k*v + 2*s, 0*v + 2*v - 28 = 5*s. What is the tens digit of v?
1
Let t be 2 + 2 - 1/1. Suppose 40*u + 258 = 42*u - 4*r, 3*r - 15 = 0. Suppose u - 13 = t*n. What is the units digit of n?
2
Let f(p) = -4*p + 33. Let s be f(9). What is the tens digit of 24 + (0 - (-12)/s)?
2
Suppose -v - v - 18 = -3*r, 3*v - 18 = -3*r. Suppose 5*i - 200 = -5*n, -2*i + r*i + 2*n = 158. What is the tens digit of i?
3
Let o(y) = -y**2 - y + 2. Let m be o(0). Suppose -5*q = z - 20, m*z + 3*z - 5*q = 220. Suppose -z = -i + 21. What is the units digit of i?
1
Suppose -3*t = -376 - 329. What is the hundreds digit of t?
2
Suppose -57*l + 6248 = -46*l. What is the units digit of l?
8
Let t = 34 + -23. What is the units digit of (t - 15) + 25*2?
6
Suppose 0 = -a + 3 - 0. Suppose a*m - 65 = 52. What is the units digit of m?
9
Let m be (-46)/(-10) - 9/15. Suppose m*n - 6 = 2*n. Suppose 13 + 8 = n*r. What is the units digit of r?
7
Let r be 2 + ((-20)/(-25))/((-6)/15). Suppose -11*f + 4*f + 245 = r. What is the tens digit of f?
3
Let o = -252 - -173. Suppose -4*s + 196 + 256 = 0. Let z = s + o. What is the units digit of z?
4
Suppose o + 3*w - 877 = 0, 2*o + 3*w = 3*o - 847. What is the tens digit of o?
6
Let h be (-18)/(-12)*(-2)/3. Let c be h*(0 + 4/(-1)). Suppose -6 = -2*a, -5*p + a + 79 = c*a. What is the tens digit of p?
1
Suppose 7 - 2 = a. Suppose -3*t = -2*h - 51, 140 = -5*h - 0*t - a*t. Let j = -8 - h. What is the units digit of j?
9
Let j be (0 - -2) + (-99)/(-9). Suppose -17*q + 172 = -j*q. What is the units digit of q?
3
Suppose t = -2*i - 196 + 609, -t - 5*i + 428 = 0. What is the units digit of t?
3
Suppose 8*a - 955 = 3*a. Suppose a = 4*g + 3*m, 2*g = g - 2*m + 54. Suppose g = 4*r - 24. What is the units digit of r?
7
Let q = -18 - -21. Suppose q*i - 4*i = -24. What is the tens digit of i?
2
What is the hundreds digit of (-5292)/(-343)*266/4?
0
Suppose -6 = 5*s - 36. Suppose 0 = b - s*b - 5*k + 525, 4*b = -3*k + 423. Suppose m - b = -2*m. What is the tens digit of m?
3
Suppose 88 = 4*w + 5*f, w = -2*f + 6 + 19. Suppose 3*q = w - 8. Suppose 4*v + 3*c = 31, -q*v - 3*c = -0*c - 27. What is the units digit of v?
4
Suppose -3*n - 5*o = -2233, -141*n + 739 = -140*n + 3*o. What is the tens digit of n?
5
What is the units digit of (2*-1)/((-2)/(-1500)*-3)?
0
Let f = -403 + 455. What is the units digit of f?
2
Let c(g) = 11*g + 9. Let y(q) = 10*q + 8. Let u(l) = 5*c(l) - 6*y(l). Suppose 22 = -4*x - 2*n, 9 = -4*x - 3*n - 16. What is the units digit of u(x)?
7
Let a(r) be the first derivative of -r**4/4 - 2*r**3/3 + r**2 - 2*r - 1. Let t = 0 + -3. What is the units digit of a(t)?
1
Suppose -l + 5*p + 20 = 0, 0 - 13 = -5*l - 4*p. Suppose 4*s + 18 - 2 = 0, 0 = -o + l*s + 132. What is the units digit of o?
2
Let s(y) = 2*y + 8. Let g be s(-17). What is the tens digit of (-2 - 1)/(2/g)?
3
Suppose -5*s = -l + 344 - 5860, -2*s - 3*l + 2203 = 0. What is the units digit of s?
3
Suppose -375 = 11*u + 142. What is the tens digit of -1 + -2 + 2 - u - 0?
4
Let a(p) = 2*p**2 - 10*p - 2. Let y(o) = 2*o - 3. Let b be y(-7). Let w = b + 24. What is the tens digit of a(w)?
2
Let g be ((-1)/(-2))/(1/(-36)). Let f = -286 - -305. Let i = g + f. What is the units digit of i?
1
Let n = 442 + -370. What is the units digit of n?
2
Suppose -r + 3*r - 2 = 0. Suppose -6 = -3*g - m - r, 2*g = -2*m + 2. Suppose -4*w + 78 = g. What is the tens digit of w?
1
Suppose -4 = 4*y + 3*v + v, -2*y + 3*v - 12 = 0. Let w = 1 - y. What is the tens digit of (-6)/w + 138/4?
3
Suppose 0 = -2*d + 3 + 5, 397 = 5*g + 3*d. What is the tens digit of g?
7
Let l = 2 + 35. Let i = 45 - l. Suppose 36 = i*s - 4*s. What is the units digit of s?
9
Suppose 34*y - 27*y = 21294. What is the thousands digit of y?
3
Suppose -u - 9 = 2*g - 4*g, -4*g + 3*u + 15 = 0. Let q(p) = 28*p + 1. Let h be q(1). Suppose c + g = h. What is the units digit of c?
3
Suppose -5*y = -l - 3610 + 815, 0 = -3*y - 4*l + 1677. What is the hundreds digit of y?
5
Suppose 212 = a - 2*q, -44*a - q + 449 = -42*a. What is the units digit of a?
2
Suppose -9*x + 33471 = 6957. What is the units digit of x?
6
Let p(t) be the first derivative of -5*t**2 + 4 + 1/4*t**4 + 4*t + 8/3*t**3. What is the tens digit of p(-9)?
1
Suppose 0*o = -4*o - 12, 3*o + 3481 = 2*g. What is the thousands digit of g?
1
Suppose 3*t + 50 = 140. Suppose r - 2*c + 5 = t, -2*c = 2. Let f = r - 6. What is the tens digit of f?
1
Let b(x) = -17*x - 15. What is the units digit of b(-2)?
9
Suppose 0 = -14*z - 93 + 681. What is the tens digit of z?
4
Let q(t) = -83*t + 212. What is the hundreds digit of q(-3)?
4
What is the units digit of (-2)/(-14) - (-8010)/35?
9
Let k = -6431 + 9069. What is the tens digit of k?
3
Suppose -4*n + m + 11 + 1 = 0, -5*n = -5*m. Suppose -t = -c + 2*t + 15, -n*c - 5*t = 8. What is the units digit of c - (1 - 4)*1?
6
Let l be (6/(-2) - 120) + 3 + -4. Let k = 258 + l. What is the hundreds digit of k?
1
Let i(o) be the first derivative of 4*o**4 - o**3/3 - 2*o**2 + 4*o - 24. What is the hundreds digit of i(2)?
1
Let n be (-4)/6 - 34/(-6). Suppose 0 = -s + 5*w + 16, 3*w - 2*w = -n*s + 54. What is the tens digit of s?
1
Let p = 29 + -37. Let r = -5 - p. Suppose -4*y = 16, 0*a = a + 4*y + r. What is the units digit of a?
3
Let f(i) = -12*i - 5. Suppose 0 = 6*j - 2*j - 12. Suppose -25 = 5*g, 3*p - 8*g + j*g - 7 = 0. What is the tens digit of f(p)?
6
What is the thousands digit of (-33)/11*-179*8/3?
1
Let v(f) = 2*f + 10. Let h(q